y + 6. Let f be z(3). Suppose 3*s - b = 345 - 26, -s = -f*b - 93. What are the prime factors of s?
2, 3
Suppose 4*u - 4*c = 944, -4*u - 5*c = -0*u - 917. What are the prime factors of u?
233
Suppose 9*u - 8 = 5*u. Suppose -129 = -4*q + 5*x, -u*q - 2*q + 147 = x. What are the prime factors of q?
2, 3
Suppose -2*d = 3*d + 160. Let o = d - -65. Suppose -5*h + o = g, 2*h - 20 = -5*g + 6*h. List the prime factors of g.
2
Let s be 68/((-6)/(-12) - 3/2). Let q = 76 + s. What are the prime factors of q?
2
List the prime factors of 8/20 - (19865/(-25) + 2).
13, 61
Suppose 84 = 33*y - 27*y. What are the prime factors of (2 + (-45)/(-3))*y/2?
7, 17
Suppose -2*w + 17 = 13. Suppose -30 = 3*t + w*t. List the prime factors of t*(-4)/(-9)*-6.
2
Let l = 734 + -607. What are the prime factors of l?
127
Let k(y) = 18*y**2 + 9*y + 6. List the prime factors of k(4).
2, 3, 5, 11
Suppose -4*q - 4*x - 164 = -10152, -q - 3*x + 2489 = 0. List the prime factors of q.
41, 61
Let z(v) = 577*v**3 + 2*v**2 - 3*v + 1. List the prime factors of z(1).
577
Suppose 0 = 596*v - 600*v + 884. What are the prime factors of v?
13, 17
Let n = 505 - 260. What are the prime factors of n?
5, 7
Let n(c) = -c**2 + 12*c - 5. Let s be n(12). Let g(j) = j**2 + 3*j - 6. Let v be g(s). Let m = v - -10. List the prime factors of m.
2, 7
List the prime factors of ((-42)/(-12) - 1/(-2)) + 1.
5
Suppose 0 = -4*k - 4, k - 9467 = -28*n + 24*n. List the prime factors of n.
3, 263
Suppose 0*r + 5*k + 34 = 3*r, 5*r + k - 38 = 0. Suppose r*u - 17*u + 900 = 0. What are the prime factors of u?
2, 5
Suppose 2*l + 123 = 3*g - 3*l, l + 164 = 4*g. Let b = 37 + g. Suppose 3*y = b + 9. What are the prime factors of y?
29
Let z = 5 - 0. Let j(g) = 3 - z - 2 + 4*g. List the prime factors of j(6).
2, 5
Suppose 5 = 8*p - 11. Suppose -5*k + k = -4*b - 32, 0 = -k + p*b + 13. Suppose 111 = k*c - 0*c. List the prime factors of c.
37
Suppose h + 9 = 12. Suppose -f + 63 = -0*f. List the prime factors of (h - f)/(-4) + 2.
17
Suppose 3*z - 16 = -c, -z + 2*c - c + 8 = 0. Let p = z - -40. What are the prime factors of p?
2, 23
Let d(u) = -u + 9. Let q(y) = y**2 + 9*y - 4. Let o be q(-10). Let f be d(o). What are the prime factors of (7 - f) + -2 + 4?
2, 3
Let j = -3 - -8. Suppose j*x - 3*k - 327 = 0, 0 = -k + 1 - 0. Suppose -3*s = -3*q + x, -4*s + 45 = -0*q + 3*q. List the prime factors of q.
19
Let z be (-15)/(-3) + (0 - -3). Let r = z - 11. What are the prime factors of (r/9)/(2/(-198))?
3, 11
Let o(p) = -18*p**3 - 9*p**2 + 2*p - 4. List the prime factors of o(-5).
2011
Let c(s) = -3*s**3 + 2*s**2 - 14*s - 10. List the prime factors of c(-4).
2, 3, 5
Suppose 6*v - 2*v + 3*q + 177 = 0, -3*q = -5*v - 201. Let t(f) = 2*f**2 + f. Let c be t(-6). Let h = c + v. What are the prime factors of h?
2, 3
Let d(m) = -m + 25. Let o be d(13). Let w(x) = x**2 - 9*x - 22. Let y be w(11). Suppose 4*j - o = -y. List the prime factors of j.
3
Suppose 0 = -3*r - 4*o + 29, o - 17 = -5*r + 3. Suppose -a - 14 = -2*a. Suppose r*m - 2 = 2*y - a, y = -3*m + 6. What are the prime factors of y?
2, 3
Let d(r) = 5*r**2 + 7*r + 4. What are the prime factors of d(4)?
2, 7
Suppose 0 = 3*t + 5*j - 886, -5*j - 514 = -2*t + 85. What are the prime factors of t?
3, 11
Let c = 61 - 120. Let h = c + 133. What are the prime factors of h?
2, 37
Let o(g) = 58*g**2 - 154*g - 12. List the prime factors of o(7).
2, 3, 73
Suppose -9787 - 1229 = -17*s. List the prime factors of s.
2, 3
Let r(l) = 8*l + 29. List the prime factors of r(29).
3, 29
Suppose 3*h = 2*h - 61. Let n = h - -209. List the prime factors of n.
2, 37
Let a(t) = t**2 + 15*t + 9. Let l(d) = d**2 + 15*d + 8. Let j(i) = 3*a(i) - 4*l(i). Suppose -44 + 12 = 8*x. What are the prime factors of j(x)?
3, 13
Suppose 7*v = 17*v - 40. Suppose 3*u + 3*g - 30 = 0, g = -v*u + 33 - 8. What are the prime factors of u?
5
Let n = 37 + -37. What are the prime factors of (27/(-1 + n))/(-1)?
3
Suppose -3*b + 5*b = 0. Let z(x) = 0*x + 2*x + 6*x**2 + b*x - 1 + x. What are the prime factors of z(2)?
29
Let i be (-2)/10 - 34/5. What are the prime factors of (-1 - 6)*(i + 7 + -13)?
7, 13
Suppose j + 3*o - 25 = 0, -8*j + 4*j + 121 = 5*o. List the prime factors of j.
2, 17
Let c be (-4)/(84/(-220) + (-6)/(-33)). Let x(u) = -u**2 + 26*u - 31. List the prime factors of x(c).
89
Suppose n + 2120 = 3*o, -2002 = -4*o + 4*n + 814. Suppose 2*h + o = 8*h. List the prime factors of h.
2, 59
Let o be (-5)/1 + 3 + 7. Suppose o*d = 5*r - 1210, d = 5*r - d - 1198. What are the prime factors of r?
2, 7, 17
Suppose -2*l + 3*l = -2*d - 98, 3*l - 147 = 3*d. Let h = -2 - d. What are the prime factors of h?
47
Suppose 5*u - 5*w = 310, -8*u + 3*u + 296 = 2*w. List the prime factors of (-1 + 124)/(u/40).
2, 41
Suppose 0 = -g + f + 1055, -3*f + 23 = 20. List the prime factors of g.
2, 3, 11
Suppose 0*z + 3*z - 342 = 3*s, 4*s = -3*z + 314. What are the prime factors of z?
2, 5, 11
Suppose -4*k = -9*k + 5. List the prime factors of -1 + k - 102/(-2).
3, 17
Suppose -10 - 2 = -2*t. Suppose -2*c = -5*o - 23, -2*o + 4 = c + t. What are the prime factors of (-3)/c - 284/(-16)?
17
Let j = -1069 - -1728. List the prime factors of j.
659
Let v(i) = -3*i**3 - 26*i**2 + 12*i + 28. Let d be v(-9). Let a(t) = 4*t - 6*t + 6*t**3 + 2*t**2 + 1 + 34*t**3. List the prime factors of a(d).
41
Suppose -89*i + 38280 = -92*i. What are the prime factors of i/(-76) - (-8)/76?
2, 3, 7
Suppose -2*f = -10, -4*f = -4*c - 5*f + 233. List the prime factors of c.
3, 19
Let m be (89/(-3))/((-4)/(-12)). What are the prime factors of 1 + (-1 - m)/4?
23
List the prime factors of ((-1104)/(-6))/(1/5).
2, 5, 23
Let g(q) = q**3 - 4*q**2 + 2*q - 5. List the prime factors of g(9).
2, 11, 19
Suppose c - t = -0 + 2, 0 = -3*c + 2*t + 7. List the prime factors of (c/((-6)/(-137)))/((-1)/(-2)).
137
Let f = 1384 + 2715. What are the prime factors of f?
4099
What are the prime factors of 106/(((-140)/(-10))/406)?
2, 29, 53
Suppose n - 1950 = -5*n. List the prime factors of n.
5, 13
Let k = 6550 + -1121. List the prime factors of k.
61, 89
Suppose 5*h = -2*k - 1 + 6, h - 18 = 3*k. Let x(f) = 27*f - 3. Let m be x(h). Let o = 131 - m. List the prime factors of o.
53
Suppose 5*r - 135 = -3*s - 2*s, -r + 12 = -2*s. What are the prime factors of r?
2, 11
Let r = -21 - -26. Suppose r*m = 10*m. Let c(k) = k**3 + k**2 + 37. List the prime factors of c(m).
37
Let b(n) = -2*n + 16. Let h(q) = 3*q - 17. Let w(x) = 4*b(x) + 3*h(x). Let l be w(-10). What are the prime factors of (l - 14)/(-2 - -1)?
11
Suppose 99*w - 104*w = -145. What are the prime factors of w?
29
Let w(i) = i**3 - 13*i - 13. Let y(z) = -3*z + 7. Let h be y(0). What are the prime factors of w(h)?
239
Suppose 5*f + 1599 = 4*w, 0 = -20*f + 16*f - 12. What are the prime factors of w?
2, 3, 11
Suppose -3*d = -2*v - 209, 0*d + 2*d - 134 = -4*v. Suppose -6*s + 2*s = 5*k - 243, -s - 4*k = -d. List the prime factors of s.
3, 19
List the prime factors of ((-26 + 13)/13)/(2/(-4210)).
5, 421
Let h = 159 - 45. Let k = h - 26. List the prime factors of k.
2, 11
Let x(g) = -g**2 - 5*g + 7. Let u(t) = -t**2 - 4*t + 6. Let k(f) = 3*u(f) - 4*x(f). Let n be k(-5). Let m = 49 + n. List the prime factors of m.
2, 3
Let k(f) = -f**2 + 85*f - 217. List the prime factors of k(49).
7, 13, 17
Suppose 0 = 6*j - 4*j - 10. List the prime factors of (9 - j) + 48/3.
2, 5
Let o be 0 + -2 + 3 + (4 - -23). Suppose 3*q - 15 = i, -4*q + o = -i + 7. List the prime factors of q.
2, 3
What are the prime factors of ((-10)/4 - -1)*(-25680)/72?
5, 107
Suppose -15*f + 26776 = -14159. List the prime factors of f.
2729
Suppose -6 = -2*u + 5*w + 5, 0 = w - 1. Suppose r + u = 10. Let q(m) = 7*m - 1. What are the prime factors of q(r)?
13
Let y(p) = 22*p + 49. List the prime factors of y(12).
313
Suppose 5*l = 2*s - 5*s - 5, 5 = 4*s - 5*l. Suppose s = 2*a - 4*a + 78. Let m = a + -5. What are the prime factors of m?
2, 17
Let a(r) = r**2 - 7*r - 283. What are the prime factors of a(45)?
1427
Let b(n) = 3*n**2 - 52*n - 44. What are the prime factors of b(-21)?
2371
Let g = 20 + -14. Suppose 7*x + g = 20. Let k(m) = 7*m**2 + 3*m - 5. List the prime factors of k(x).
29
Let h = 13 - 9. Suppose 0 = -i + h, 2*i - 18 = -j - 4*j. Suppose -5*u = -5*l - 130, -3*u + 23 = -j*u + 2*l. What are the prim